
{"id":324,"date":"2024-07-01T17:55:25","date_gmt":"2024-07-01T14:55:25","guid":{"rendered":"https:\/\/new.arkitek.net\/inicio\/servicios-profesionales\/"},"modified":"2024-07-10T13:52:33","modified_gmt":"2024-07-10T10:52:33","slug":"homepage-section-professional-services-es","status":"publish","type":"page","link":"https:\/\/arkitek.net\/es\/inicio\/homepage-section-professional-services-es\/","title":{"rendered":"Servicios Profesionales"},"content":{"rendered":"\n<p>La <a href=\"https:\/\/arkitek.net\/es\/servicios\/\" data-type=\"page\" data-id=\"74\">cartera de servicios<\/a> de ARKITEK no tiene l\u00edmites. Escuchamos para comprender los objetivos y retos del proyecto, aportamos metodolog\u00edas probadas junto con conocimientos t\u00e9cnicos agn\u00f3sticos de los proveedores y experiencia global, evaluamos las opciones y empezamos por esbozar la soluci\u00f3n m\u00e1s sencilla para satisfacer sus requisitos. Podemos dirigir la implantaci\u00f3n de principio a fin, hacernos cargo de ella de principio a fin, rellenar cualquier laguna y asegurarnos de que se entrega, opera y mantiene con \u00e9xito. <\/p>\n\n<p><a href=\"https:\/\/arkitek.net\/es\/servicios\/\" data-type=\"page\" data-id=\"74\">M\u00e1s informaci\u00f3n<\/a>&#8230;<\/p>\n","protected":false},"excerpt":{"rendered":"<p>La cartera de servicios de ARKITEK no tiene l\u00edmites. Escuchamos para comprender los objetivos y retos del proyecto, aportamos metodolog\u00edas probadas junto con conocimientos t\u00e9cnicos agn\u00f3sticos de los proveedores y experiencia global, evaluamos las opciones y empezamos por esbozar la soluci\u00f3n m\u00e1s sencilla para satisfacer sus requisitos. Podemos dirigir la implantaci\u00f3n de principio a fin, &hellip; <\/p>\n<p class=\"link-more\"><a href=\"https:\/\/arkitek.net\/es\/inicio\/homepage-section-professional-services-es\/\" class=\"more-link\">Continuar leyendo<span class=\"screen-reader-text\"> \u00abServicios Profesionales\u00bb<\/span><\/a><\/p>\n","protected":false},"author":1,"featured_media":221,"parent":294,"menu_order":2,"comment_status":"closed","ping_status":"closed","template":"","meta":{"inline_featured_image":false,"footnotes":""},"class_list":["post-324","page","type-page","status-publish","has-post-thumbnail","hentry"],"_links":{"self":[{"href":"https:\/\/arkitek.net\/es\/wp-json\/wp\/v2\/pages\/324","targetHints":{"allow":["GET"]}}],"collection":[{"href":"https:\/\/arkitek.net\/es\/wp-json\/wp\/v2\/pages"}],"about":[{"href":"https:\/\/arkitek.net\/es\/wp-json\/wp\/v2\/types\/page"}],"author":[{"embeddable":true,"href":"https:\/\/arkitek.net\/es\/wp-json\/wp\/v2\/users\/1"}],"replies":[{"embeddable":true,"href":"https:\/\/arkitek.net\/es\/wp-json\/wp\/v2\/comments?post=324"}],"version-history":[{"count":0,"href":"https:\/\/arkitek.net\/es\/wp-json\/wp\/v2\/pages\/324\/revisions"}],"up":[{"embeddable":true,"href":"https:\/\/arkitek.net\/es\/wp-json\/wp\/v2\/pages\/294"}],"wp:featuredmedia":[{"embeddable":true,"href":"https:\/\/arkitek.net\/es\/wp-json\/wp\/v2\/media\/221"}],"wp:attachment":[{"href":"https:\/\/arkitek.net\/es\/wp-json\/wp\/v2\/media?parent=324"}],"curies":[{"name":"wp","href":"https:\/\/api.w.org\/{rel}","templated":true}]}}

<p>La <a href="https://arkitek.net/es/servicios/" data-type="page" data-id="74">cartera de servicios</a> de ARKITEK no tiene límites. Escuchamos para comprender los objetivos y retos del proyecto, aportamos metodologías probadas junto con conocimientos técnicos agnósticos de los proveedores y experiencia global, evaluamos las opciones y empezamos por esbozar la solución más sencilla para satisfacer sus requisitos. Podemos dirigir la implantación de principio a fin, hacernos cargo de ella de principio a fin, rellenar cualquier laguna y asegurarnos de que se entrega, opera y mantiene con éxito. </p>

<p><a href="https://arkitek.net/es/servicios/" data-type="page" data-id="74">Más información</a>&#8230;</p>

<p>La cartera de servicios de ARKITEK no tiene límites. Escuchamos para comprender los objetivos y retos del proyecto, aportamos metodologías probadas junto con conocimientos técnicos agnósticos de los proveedores y experiencia global, evaluamos las opciones y empezamos por esbozar la solución más sencilla para satisfacer sus requisitos. Podemos dirigir la implantación de principio a fin, &hellip; </p>
<p class="link-more"><a href="https://arkitek.net/es/inicio/homepage-section-professional-services-es/" class="more-link">Continuar leyendo<span class="screen-reader-text"> «Servicios Profesionales»</span></a></p>
